{"id":7,"date":"2023-07-18T13:24:55","date_gmt":"2023-07-18T13:24:55","guid":{"rendered":"https:\/\/www.sociedadeinternacional.com\/?page_id=7"},"modified":"2023-07-18T13:24:56","modified_gmt":"2023-07-18T13:24:56","slug":"7-2","status":"publish","type":"page","link":"https:\/\/www.sociedadeinternacional.com\/","title":{"rendered":""},"content":{"rendered":"\n<p class=\"has-text-align-left has-normal-font-size\"><strong>Somos uma consultoria de planejamento internacional especializada em forma\u00e7\u00e3o de empresas estrangeiras incluindo Holdings e LLCs.<\/strong><\/p>\n\n\n\n<p class=\"has-text-align-left has-normal-font-size\">  <strong>Trabalhamos com consultores e advogados dedicados que entendem as necessidades espec\u00edficas de cada cliente, com conhecimento sobre pre\u00e7os especiais e descontos que se aplicam a cada caso, bem como os nossos termos de neg\u00f3cios e procedimentos de dilig\u00eancia pr\u00e9vias.<\/strong><\/p>\n\n\n\n<blockquote class=\"wp-block-quote\">\n<p><\/p>\n\n\n\n<p><strong>VANTAGENS EM UTILIZAR OS SERVI\u00c7OS DE SOCIEDADE INTERNACIONAL<\/strong><\/p>\n\n\n\n<p><\/p>\n<\/blockquote>\n\n\n\n<p><\/p>\n\n\n\n<ul>\n<li><strong>Equipe Brasileira com Servi\u00e7o Personalizado <\/strong><br>Equipe formada por advogados e consultores brasileiros especializados em com\u00e9rcio exterior e planejamento internacional com mais de 20 anos de experi\u00eancia.<\/li>\n\n\n\n<li><strong>Conhecimento Global <\/strong><br>Assessoria jur\u00eddica e cont\u00e1bil e conhecimento da legisla\u00e7\u00e3o tribut\u00e1ria no Brasil e nas jurisdi\u00e7\u00f5es que servimos no exterior.<\/li>\n\n\n\n<li><strong>Agente Direto <\/strong><br>Ao contr\u00e1rio de muitos concorrentes, Sociedade Internacional n\u00e3o \u00e9 apenas um revendedor de estruturas jur\u00eddicas no exterior. Nossa empresa tem os seus pr\u00f3prios representantes legais nas jurisdi\u00e7\u00f5es mais populares. Como resultado, nossos clientes podem economizar tempo atrav\u00e9s da obten\u00e7\u00e3o de todos os servi\u00e7os necess\u00e1rios em um s\u00f3 lugar. Os clientes n\u00e3o precisam se preocupar com o cumprimento de prazos e pagamentos de taxas, n\u00f3s cuidamos de todos esses procedimentos.<\/li>\n\n\n\n<li><strong>\u00c9tica Profissional <\/strong><br>Facilitamos a abertura de empresas estrangeiras fazendo a dilig\u00eancia pr\u00e9via, plano de neg\u00f3cios em ingl\u00eas, Curriculum Vitae e assessoria na documenta\u00e7\u00e3o exigida.<\/li>\n\n\n\n<li><strong>Credibilidade <\/strong><br>Abertura de empresas em Delaware, Reino Unido, Panam\u00e1, Nevis, Belize, entre outras.<\/li>\n\n\n\n<li><strong>Variedade em Produtos e Servi\u00e7os <\/strong><br>Oferecemos servi\u00e7os de tradu\u00e7\u00e3o de documentos e contratos, entre outros servi\u00e7os.<\/li>\n<\/ul>\n\n\n\n<blockquote class=\"wp-block-quote\">\n<p><strong>ENTRE EM CONTATO COM A EQUIPE DE SOCIEDADE INTERNACIONAL E AMPLIE OS SEUS NEG\u00d3CIOS E DOS SEUS CLIENTES.<\/strong><\/p>\n\n\n\n<p><strong>Phone\/WhatsApp:<\/strong>&nbsp; + 55 44 9127 0773<\/p>\n\n\n\n<p><strong>E-mail: <\/strong><a href=\"mailto:faleconosco@sociedadeinternacional.com\">faleconosco@sociedadeinternacional.com<\/a><\/p>\n\n\n\n<p><strong>Skype:<\/strong> sociedadeinternacional<\/p>\n\n\n\n<p><strong>Website: <\/strong><a href=\"http:\/\/www.sociedadeinternacional.com\">www.sociedadeinternacional.com<\/a><\/p>\n<\/blockquote>\n\n\n\n<p><\/p>\n","protected":false},"excerpt":{"rendered":"<p>Somos uma consultoria de planejamento internacional especializada em forma\u00e7\u00e3o de [&hellip;]<\/p>\n","protected":false},"author":1,"featured_media":0,"parent":0,"menu_order":0,"comment_status":"closed","ping_status":"closed","template":"","meta":{"_monsterinsights_skip_tracking":false,"_monsterinsights_sitenote_active":false,"_monsterinsights_sitenote_note":"","_monsterinsights_sitenote_category":0},"yoast_head":"<!-- This site is optimized with the Yoast SEO plugin v20.11 - https:\/\/yoast.com\/wordpress\/plugins\/seo\/ -->\n<title>- Sociedade Internacional<\/title>\n<meta name=\"robots\" content=\"index, follow, max-snippet:-1, max-image-preview:large, max-video-preview:-1\" \/>\n<link rel=\"canonical\" href=\"https:\/\/www.sociedadeinternacional.com\/\" \/>\n<meta property=\"og:locale\" content=\"en_US\" \/>\n<meta property=\"og:type\" content=\"article\" \/>\n<meta property=\"og:title\" content=\"- Sociedade Internacional\" \/>\n<meta property=\"og:description\" content=\"Somos uma consultoria de planejamento internacional especializada em forma\u00e7\u00e3o de [&hellip;]\" \/>\n<meta property=\"og:url\" content=\"https:\/\/www.sociedadeinternacional.com\/\" \/>\n<meta property=\"og:site_name\" content=\"Sociedade Internacional\" \/>\n<meta property=\"article:modified_time\" content=\"2023-07-18T13:24:56+00:00\" \/>\n<meta name=\"twitter:card\" content=\"summary_large_image\" \/>\n<meta name=\"twitter:label1\" content=\"Est. reading time\" \/>\n\t<meta name=\"twitter:data1\" content=\"1 minute\" \/>\n<script type=\"application\/ld+json\" class=\"yoast-schema-graph\">{\"@context\":\"https:\/\/schema.org\",\"@graph\":[{\"@type\":\"WebPage\",\"@id\":\"https:\/\/www.sociedadeinternacional.com\/\",\"url\":\"https:\/\/www.sociedadeinternacional.com\/\",\"name\":\"- Sociedade Internacional\",\"isPartOf\":{\"@id\":\"https:\/\/www.sociedadeinternacional.com\/#website\"},\"datePublished\":\"2023-07-18T13:24:55+00:00\",\"dateModified\":\"2023-07-18T13:24:56+00:00\",\"inLanguage\":\"en-US\",\"potentialAction\":[{\"@type\":\"ReadAction\",\"target\":[\"https:\/\/www.sociedadeinternacional.com\/\"]}]},{\"@type\":\"WebSite\",\"@id\":\"https:\/\/www.sociedadeinternacional.com\/#website\",\"url\":\"https:\/\/www.sociedadeinternacional.com\/\",\"name\":\"Sociedade Internacional\",\"description\":\"Forma\u00e7\u00e3o de empresas no exterior\",\"potentialAction\":[{\"@type\":\"SearchAction\",\"target\":{\"@type\":\"EntryPoint\",\"urlTemplate\":\"https:\/\/www.sociedadeinternacional.com\/?s={search_term_string}\"},\"query-input\":\"required name=search_term_string\"}],\"inLanguage\":\"en-US\"}]}<\/script>\n<!-- \/ Yoast SEO plugin. -->","yoast_head_json":{"title":"- Sociedade Internacional","robots":{"index":"index","follow":"follow","max-snippet":"max-snippet:-1","max-image-preview":"max-image-preview:large","max-video-preview":"max-video-preview:-1"},"canonical":"https:\/\/www.sociedadeinternacional.com\/","og_locale":"en_US","og_type":"article","og_title":"- Sociedade Internacional","og_description":"Somos uma consultoria de planejamento internacional especializada em forma\u00e7\u00e3o de [&hellip;]","og_url":"https:\/\/www.sociedadeinternacional.com\/","og_site_name":"Sociedade Internacional","article_modified_time":"2023-07-18T13:24:56+00:00","twitter_card":"summary_large_image","twitter_misc":{"Est. reading time":"1 minute"},"schema":{"@context":"https:\/\/schema.org","@graph":[{"@type":"WebPage","@id":"https:\/\/www.sociedadeinternacional.com\/","url":"https:\/\/www.sociedadeinternacional.com\/","name":"- Sociedade Internacional","isPartOf":{"@id":"https:\/\/www.sociedadeinternacional.com\/#website"},"datePublished":"2023-07-18T13:24:55+00:00","dateModified":"2023-07-18T13:24:56+00:00","inLanguage":"en-US","potentialAction":[{"@type":"ReadAction","target":["https:\/\/www.sociedadeinternacional.com\/"]}]},{"@type":"WebSite","@id":"https:\/\/www.sociedadeinternacional.com\/#website","url":"https:\/\/www.sociedadeinternacional.com\/","name":"Sociedade Internacional","description":"Forma\u00e7\u00e3o de empresas no exterior","potentialAction":[{"@type":"SearchAction","target":{"@type":"EntryPoint","urlTemplate":"https:\/\/www.sociedadeinternacional.com\/?s={search_term_string}"},"query-input":"required name=search_term_string"}],"inLanguage":"en-US"}]}},"_links":{"self":[{"href":"https:\/\/www.sociedadeinternacional.com\/index.php?rest_route=\/wp\/v2\/pages\/7"}],"collection":[{"href":"https:\/\/www.sociedadeinternacional.com\/index.php?rest_route=\/wp\/v2\/pages"}],"about":[{"href":"https:\/\/www.sociedadeinternacional.com\/index.php?rest_route=\/wp\/v2\/types\/page"}],"author":[{"embeddable":true,"href":"https:\/\/www.sociedadeinternacional.com\/index.php?rest_route=\/wp\/v2\/users\/1"}],"replies":[{"embeddable":true,"href":"https:\/\/www.sociedadeinternacional.com\/index.php?rest_route=%2Fwp%2Fv2%2Fcomments&post=7"}],"version-history":[{"count":1,"href":"https:\/\/www.sociedadeinternacional.com\/index.php?rest_route=\/wp\/v2\/pages\/7\/revisions"}],"predecessor-version":[{"id":8,"href":"https:\/\/www.sociedadeinternacional.com\/index.php?rest_route=\/wp\/v2\/pages\/7\/revisions\/8"}],"wp:attachment":[{"href":"https:\/\/www.sociedadeinternacional.com\/index.php?rest_route=%2Fwp%2Fv2%2Fmedia&parent=7"}],"curies":[{"name":"wp","href":"https:\/\/api.w.org\/{rel}","templated":true}]}}